 + 3*k**2/2 + 2*k - 1. List the prime factors of w(-4).
2, 11
List the prime factors of (-8)/(-140)*5 + 1048/7.
2, 3, 5
Let h(p) = -p**3 - p**2 + p + 5. Let v be h(0). Suppose v = f - 7. Suppose x - f = -x. What are the prime factors of x?
2, 3
Suppose -5 - 7 = -3*r. Suppose r*n - 54 = -3*x - 2*x, -n + 20 = -2*x. List the prime factors of n.
2
Let c(p) = 2*p**2 + 11*p + 11. What are the prime factors of c(-7)?
2
Suppose 7*h - 2*h + 7 = -4*v, 0 = 5*v + 5*h + 5. Suppose -5*a + 44 = 5*z + 4, a - v = -4*z. What are the prime factors of a?
2, 5
Suppose -y - 9 = -4*u - 36, y - 22 = -u. What are the prime factors of y?
23
Let u(x) = x**3 + 8*x**2 - 2*x - 12. Let d be u(-8). Let a = d + 7. List the prime factors of a.
11
Let j(f) = f**3 + 3*f**2 - 3*f + 2. What are the prime factors of j(-3)?
11
Suppose 3*w - 33 = u, -6 = -u - u. Let d = -5 + w. Let c = d + -3. List the prime factors of c.
2
Suppose 15*z = 20*z - 140. What are the prime factors of z?
2, 7
Let o be 7 - (4 - (-24)/(-4)). Let w = o + -1. What are the prime factors of w?
2
Let g(c) = c**2 - 4*c - 2. Let h(f) = f**2 + 6*f + 6. Let z be h(-6). List the prime factors of g(z).
2, 5
Suppose 3*s - 5*j - 29 = -4*j, 12 = 2*s + 3*j. Suppose 3 = -d, 5*d + 40 = 4*o + s. What are the prime factors of 1 + 2 + o/2?
5
Let r(y) = -68*y - 2. Let o be -8*((-6)/4)/3. Let x be r(o). List the prime factors of x/(-18) - (-4)/(-18).
3, 5
Let z(s) = -3*s + 3*s**2 - 5 - 2*s**2 - 2 + 2. What are the prime factors of z(-4)?
23
Suppose q + 3*h - 16 = -3*q, -2*q = 2*h - 8. Suppose j = q*k + 22, 3*j + 10 = -2*j - 4*k. List the prime factors of j.
2
Let p be (-4 + 7)/(2/4). Suppose 11 + p = i. Suppose c - i = -5*b, b + 4*b - c - 23 = 0. List the prime factors of b.
2
Let w(i) = 11*i. List the prime factors of w(5).
5, 11
Suppose -2*f + 4 = -0. What are the prime factors of (-2 + 5 - f)*22?
2, 11
What are the prime factors of (1 - 2)*(-20 - 5)?
5
Suppose -3*r + 154 + 413 = 0. What are the prime factors of r?
3, 7
Let q(j) = j + 4. Let r be q(-9). Let u be (0 - -2)/(r - -7). What are the prime factors of (u + 4/(-3))*-18?
2, 3
List the prime factors of (-9)/(4 + (-116)/28).
3, 7
Let a = 10 + -4. Suppose -3*o + a*o - 99 = 0. Suppose 4*s - o = s. List the prime factors of s.
11
Suppose 2*b - 8 = v, -3*v - 15 = 2*v - 5*b. Suppose -v*s + 3 = -s. Suppose 5*f = 10, 3*z + s*f - 19 = -1. List the prime factors of z.
2
Let c(f) = 11*f - 1 + 4 - 4*f - 5*f. What are the prime factors of c(6)?
3, 5
Suppose -80 = 5*n - 375. List the prime factors of n.
59
Let q(c) = -c**2 + 7*c + 2. Let p be q(7). What are the prime factors of (-1 + p)/(3/15)?
5
Suppose 5*j + 60 = j. Let s = -2 - j. List the prime factors of s.
13
Let n(a) = -5 + 4 - a + 15. Let m be n(10). Suppose v + m*v = 55. List the prime factors of v.
11
Suppose -3*n + 21 = -4*i, -11*n = -7*n - 3*i - 21. Suppose -2*j - 33 = -3*j. Suppose j = n*a - 0*a. What are the prime factors of a?
11
Let w(d) be the third derivative of -d**6/120 + d**5/60 + d**4/24 + 7*d**3/6 + 5*d**2. What are the prime factors of w(0)?
7
Let r = 130 + 74. List the prime factors of r.
2, 3, 17
Suppose -69 = -2*g - 2*g - 3*r, -g + 2*r + 9 = 0. Let u = g - 8. List the prime factors of u.
7
List the prime factors of (-481)/(-2) + -1 + (-3)/(-6).
2, 3, 5
Let f = -41 - -61. List the prime factors of f.
2, 5
Let a(h) = -43*h - 7. What are the prime factors of a(-3)?
2, 61
What are the prime factors of 3*3/6*14?
3, 7
Let y be 50/2*(-8)/(-10). List the prime factors of (-12)/y*5*-15.
3, 5
Suppose 0 = k - 2 - 1. Suppose 6*y - 39 = k*y. Let g = -8 + y. What are the prime factors of g?
5
Let j be 12/(-30) - 214/(-10). Suppose j = 5*g + 2*i - 112, i = g - 21. What are the prime factors of g?
5
Suppose 0 = -5*p + 29 + 1. Suppose -56 + 21 = -j. Suppose -i = -p*i + j. What are the prime factors of i?
7
What are the prime factors of 80/(-24)*48/(-10)?
2
Suppose 0 = -2*v - 3*v + 15. Suppose -v*x - 4*i + 18 = 0, 2*x - 9 = -4*i + 3. List the prime factors of x.
2, 3
Let g be (0 + 0)/(9 + -7). Suppose y + 16 = 5*v - 29, -2*v - 3*y + 35 = g. List the prime factors of v.
2, 5
What are the prime factors of (-34)/(-14) + -2 + 6480/70?
3, 31
Let v be 9 - (-1 + -2)*-1. Suppose -u = -v*u + 115. List the prime factors of u/7 - 8/28.
3
What are the prime factors of ((-164)/10)/((-5)/50)?
2, 41
Suppose 5*i - 9 = 2*i. Let u = 3 - i. Suppose u = 3*q - 8 - 13. List the prime factors of q.
7
Suppose 2*d - 8*z - 172 = -3*z, 4*z + 176 = 2*d. List the prime factors of 2/(-5) - d/(-40).
2
Let a be 4*((-43)/(-4) + 1). Suppose 2*w + 17 = -5*y + 106, -3*w = -2*y + a. List the prime factors of y.
19
Let d be 113/4 + (-6)/(-8). List the prime factors of -2 - (2 - 1 - d).
2, 13
Suppose 3*w - 49 - 95 = 0. What are the prime factors of w?
2, 3
Suppose 4*m = 3*m - 7. Let f(s) = s + 17. What are the prime factors of f(m)?
2, 5
Suppose -5*u - 2*a + 29 = -4*a, -5*u + 5*a + 35 = 0. What are the prime factors of 10/6*(1 + u)?
2, 5
Let d(s) be the first derivative of -s**4/4 - s**2/2 + 15*s + 1. Suppose -10 = -4*y + 5*g, 5*y + 3*g = 5 - 11. List the prime factors of d(y).
3, 5
Let x(q) = -q - 7. What are the prime factors of x(-9)?
2
Let i(h) = 2*h + 3. Let f(l) be the first derivative of -l**2 - 3*l + 1. Let a(z) = 4*f(z) + 3*i(z). List the prime factors of a(-5).
7
Let x(h) = 5*h - 20. What are the prime factors of x(6)?
2, 5
Let v = -1 - -1. Suppose -a = -v*a. Suppose a = -2*z + 8. What are the prime factors of z?
2
Let f(r) = -r**2 + 6*r + 6. Let u(k) = k**3 + 0*k**2 + 2*k - 3*k**2 - k**3 - k**3 - 3. Let t be u(-4). What are the prime factors of f(t)?
11
Suppose -4*f + 6 = -46. List the prime factors of f.
13
Let z = 62 + 67. List the prime factors of z.
3, 43
Suppose 3*l = -4*b + 36, -40 = -4*b - l - l. Let u = b + -8. Suppose -u = -2*g + 2. List the prime factors of g.
3
Let q(v) = v**3 + v**2 - v. Let x(b) = 2*b**3 + 14*b**2 - 2. Let r(z) = q(z) - x(z). Let u be r(-13). List the prime factors of u - (3 + -6 + 0).
2, 3
Let r = 6 - 5. Suppose -4*b + r = 5. Let k = b - -8. List the prime factors of k.
7
Let p(g) = -g**3 + 5*g**2 + 2*g - 2. List the prime factors of p(4).
2, 11
Suppose -5*l + 386 + 174 = 0. What are the prime factors of l?
2, 7
Let p be (-6)/4*8/4. Let a be 6/(-3)*p/2. Suppose -b + a + 2 = 0. What are the prime factors of b?
5
Let k(a) = 3*a**3 + 9*a + 7 - 4*a**3 + 2*a**3 + 0*a**3 - 10*a**2. List the prime factors of k(9).
7
Let u(m) = m - 2. Let l be u(5). Suppose -2*t + 63 = 5*q, 0 = -l*q + 3*t + t + 43. List the prime factors of q.
13
Let g(x) = 11*x**3 + x**2 + 7*x - 4. What are the prime factors of g(3)?
17, 19
Let x = 133 - 73. List the prime factors of x.
2, 3, 5
Let j = 0 + 2. List the prime factors of 2 + (j - 3) - -5.
2, 3
Let x = 14 - 9. Let h = x + -1. Suppose -5*f + 11 = -h. What are the prime factors of f?
3
Let n = 714 + -449. Let k be n/55 - 4/(-22). Let d = k + 6. List the prime factors of d.
11
Let a = 20 + -13. Suppose 0 = -v + 2*l - 1, a*v - 3*v + 4*l = 32. Let f = 2 + v. What are the prime factors of f?
7
Suppose 2 - 5 = 3*m. What are the prime factors of (-464)/(-12) + m/(-3)?
3, 13
Let y(h) be the third derivative of h**4/4 - 2*h**3/3 - 4*h**2. List the prime factors of y(4).
2, 5
Let l = 4 + -4. Suppose 3*v + 2*y + 10 = -l, 2*v + 5*y - 8 = 0. Let n = v - -11. What are the prime factors of n?
5
Let n(l) = -8*l**3 - 4*l + 5. Let s(y) = 7*y**3 + 3*y - 4. Let d(i) = -3*n(i) - 4*s(i). List the prime factors of d(-1).
5
Let o(q) = -q**3 - 4*q**2 - 5*q - 3. Let d be o(-3). Suppose 2*u + d*u = 50. What are the prime factors of u?
2, 5
Let j = 205 - 119. What are the prime factors of j?
2, 43
Let k = -3 + 3. Suppose k = 5*r + 2*m - 24, -r - r + 18 = 5*m. What are the prime factors of r?
2
Let c = 25 - 5. Let n be (10/(-8))/((-5)/c). Suppose -k + n = 2*t, 2*t = -4*k + 6 + 20. What are the prime factors of k?
7
Let t(g) = 2*g**2 - 3*g + 6. What are the prime factors of t(5)?
41
Let w be (-1408)/(-18) + (-8)/36. What are the prime factors of (-2)/12 - (-3055)/w?
3, 13
Let q = 135 + -57. List the prime factors of q.
2, 3, 13
Let z(s) = -6. Let p(o) = o. Let w(q) = 3*p(q) + z(q). Let l be w(5). Suppose -24 = -3*t + l. List the prime factors of t.
11
Let c be (1 + (0 - 3))*18. What are the prime factors of c/(-24)*(0 + 14)?
